{"id":44,"date":"2020-12-30T09:08:05","date_gmt":"2020-12-30T09:08:05","guid":{"rendered":"https:\/\/s24guvenlik.com\/?page_id=44"},"modified":"2021-01-06T11:54:31","modified_gmt":"2021-01-06T11:54:31","slug":"hizmetlerimiz","status":"publish","type":"page","link":"https:\/\/s24guvenlik.com\/?page_id=44","title":{"rendered":"H\u0130ZMETLER\u0130M\u0130Z"},"content":{"rendered":"\t\t<div data-elementor-type=\"wp-page\" data-elementor-id=\"44\" class=\"elementor elementor-44\" data-elementor-settings=\"[]\">\n\t\t\t\t\t\t<div class=\"elementor-inner\">\n\t\t\t\t\t\t\t<div class=\"elementor-section-wrap\">\n\t\t\t\t\t\t\t<section class=\"elementor-section elementor-top-section elementor-element elementor-element-d87db5a elementor-section-boxed elementor-section-height-default elementor-section-height-default\" data-id=\"d87db5a\" data-element_type=\"section\">\n\t\t\t\t\t\t<div class=\"elementor-container elementor-column-gap-default\">\n\t\t\t\t\t\t\t<div class=\"elementor-row\">\n\t\t\t\t\t<div class=\"elementor-column elementor-col-33 elementor-top-column elementor-element elementor-element-6510b00\" data-id=\"6510b00\" data-element_type=\"column\">\n\t\t\t<div class=\"elementor-column-wrap elementor-element-populated\">\n\t\t\t\t\t\t\t<div class=\"elementor-widget-wrap\">\n\t\t\t\t\t\t<div class=\"elementor-element elementor-element-8facf0e elementor-widget elementor-widget-text-editor\" data-id=\"8facf0e\" data-element_type=\"widget\" data-widget_type=\"text-editor.default\">\n\t\t\t\t<div class=\"elementor-widget-container\">\n\t\t\t\t\t<div class=\"elementor-text-editor elementor-clearfix\"><h5 style=\"text-align: center;\"><span style=\"color: #993300;\"><b>END\u00dcSTR\u0130, SANAY\u0130 TES\u0130SLER\u0130, OF\u0130S B\u0130NALARI ve \u0130\u015eLETMELER\u0130N G\u00dcVENL\u0130\u011e\u0130<\/b><\/span><\/h5><p style=\"text-align: center;\">\u00a0S24 G\u00fcvenlik olarak biz, end\u00fcstri, sanayi tesisleri, ofis binalar\u0131 ve i\u015fletmelerin talepleri do\u011frultusunda \u00e7al\u0131\u015fmalar\u0131n\u0131 sa\u011flayarak, i\u00e7eriden ve d\u0131\u015far\u0131dan gelebilecek tehditlere kar\u015f\u0131 tedbirler al\u0131p uygulamaktay\u0131z. Kamu kurum ve kurulu\u015flar\u0131n\u0131n, bir \u00e7ok i\u015fletme ve fabrikalar\u0131n g\u00fcvenli\u011fini 7 g\u00fcn 24 saat sa\u011flamaktay\u0131z. Giri\u015f \u00e7\u0131k\u0131\u015flar, \u00e7al\u0131\u015fan personelin kontrol\u00fc, \u00e7evre g\u00fcvenli\u011fi, yang\u0131nda uygulanacak ilk tedbirler v.b. bir \u00e7ok g\u00fcvenlik hizmeti vermekteyiz.<\/p><\/div>\n\t\t\t\t<\/div>\n\t\t\t\t<\/div>\n\t\t\t\t\t\t<\/div>\n\t\t\t\t\t<\/div>\n\t\t<\/div>\n\t\t\t\t<div class=\"elementor-column elementor-col-33 elementor-top-column elementor-element elementor-element-932efa5\" data-id=\"932efa5\" data-element_type=\"column\">\n\t\t\t<div class=\"elementor-column-wrap elementor-element-populated\">\n\t\t\t\t\t\t\t<div class=\"elementor-widget-wrap\">\n\t\t\t\t\t\t<div class=\"elementor-element elementor-element-7316832 elementor-widget elementor-widget-text-editor\" data-id=\"7316832\" data-element_type=\"widget\" data-widget_type=\"text-editor.default\">\n\t\t\t\t<div class=\"elementor-widget-container\">\n\t\t\t\t\t<div class=\"elementor-text-editor elementor-clearfix\"><h5 style=\"text-align: center;\"><span style=\"color: #993300;\"><b>GE\u00c7\u0130C\u0130 G\u00dcVENL\u0130K H\u0130ZMETLER\u0130<\/b><\/span><\/h5><p style=\"text-align: center;\">\u00d6zel toplant\u0131, seminer, konser, defile ve spor faaliyetlerinde genel asayi\u015f ve d\u00fczenin sa\u011flanmas\u0131 i\u00e7in gerekli ekipleri olu\u015fturup, ge\u00e7ici hizmetler vermekteyiz.<\/p><\/div>\n\t\t\t\t<\/div>\n\t\t\t\t<\/div>\n\t\t\t\t\t\t<\/div>\n\t\t\t\t\t<\/div>\n\t\t<\/div>\n\t\t\t\t<div class=\"elementor-column elementor-col-33 elementor-top-column elementor-element elementor-element-6f5bbb3\" data-id=\"6f5bbb3\" data-element_type=\"column\">\n\t\t\t<div class=\"elementor-column-wrap elementor-element-populated\">\n\t\t\t\t\t\t\t<div class=\"elementor-widget-wrap\">\n\t\t\t\t\t\t<div class=\"elementor-element elementor-element-b953ca8 elementor-widget elementor-widget-text-editor\" data-id=\"b953ca8\" data-element_type=\"widget\" data-widget_type=\"text-editor.default\">\n\t\t\t\t<div class=\"elementor-widget-container\">\n\t\t\t\t\t<div class=\"elementor-text-editor elementor-clearfix\"><h5 style=\"text-align: center;\"><span style=\"color: #993300;\"><b>G\u00dcVENL\u0130K PERSONEL\u0130<\/b><\/span><\/h5>\n<p style=\"text-align: center;\">S24 G\u00fcvenlik, yat\u0131r\u0131m ve teknolojik donan\u0131mlarla birlikte \u00f6zellikle insan g\u00fcc\u00fcn\u00fcn \u00f6nemine inanmaktad\u0131r. Bu inanc\u0131 do\u011frultusunda b\u00fcnyesinde, tecr\u00fcbesini devlet g\u00fcvenlik kuvvetlerinden edinmi\u015f, T\u00fcrk Silahl\u0131 Kuvvetleri\u2019nden, Emniyet Genel M\u00fcd\u00fcrl\u00fc\u011f\u00fc\u2019nden emekli uzman kadrolar\u0131n yan\u0131 s\u0131ra gen\u00e7, aktif, dinamik, \u00f6zel e\u011fitilmi\u015f g\u00fcvenlik g\u00f6revlileri ile planlar\u0131 ve hedefleri do\u011frultusunda hizmet vermektedir.<\/p><\/div>\n\t\t\t\t<\/div>\n\t\t\t\t<\/div>\n\t\t\t\t\t\t<\/div>\n\t\t\t\t\t<\/div>\n\t\t<\/div>\n\t\t\t\t\t\t\t\t<\/div>\n\t\t\t\t\t<\/div>\n\t\t<\/section>\n\t\t\t\t<section class=\"elementor-section elementor-top-section elementor-element elementor-element-1768474 elementor-section-boxed elementor-section-height-default elementor-section-height-default\" data-id=\"1768474\" data-element_type=\"section\">\n\t\t\t\t\t\t<div class=\"elementor-container elementor-column-gap-default\">\n\t\t\t\t\t\t\t<div class=\"elementor-row\">\n\t\t\t\t\t<div class=\"elementor-column elementor-col-50 elementor-top-column elementor-element elementor-element-ecfc185\" data-id=\"ecfc185\" data-element_type=\"column\">\n\t\t\t<div class=\"elementor-column-wrap elementor-element-populated\">\n\t\t\t\t\t\t\t<div class=\"elementor-widget-wrap\">\n\t\t\t\t\t\t<div class=\"elementor-element elementor-element-754bba2 elementor-widget elementor-widget-image\" data-id=\"754bba2\" data-element_type=\"widget\" data-widget_type=\"image.default\">\n\t\t\t\t<div class=\"elementor-widget-container\">\n\t\t\t\t\t<div class=\"elementor-image\">\n\t\t\t\t\t\t\t<figure class=\"wp-caption\">\n\t\t\t\t\t\t\t\t\t\t<img loading=\"lazy\" decoding=\"async\" width=\"466\" height=\"310\" src=\"https:\/\/s24guvenlik.com\/wp-content\/uploads\/2021\/01\/kameraodasi2.jpg\" class=\"attachment-large size-large\" alt=\"\" srcset=\"https:\/\/s24guvenlik.com\/wp-content\/uploads\/2021\/01\/kameraodasi2.jpg 466w, https:\/\/s24guvenlik.com\/wp-content\/uploads\/2021\/01\/kameraodasi2-300x200.jpg 300w\" sizes=\"(max-width: 466px) 100vw, 466px\" \/>\t\t\t\t\t\t\t\t\t\t\t<figcaption class=\"widget-image-caption wp-caption-text\"><\/figcaption>\n\t\t\t\t\t\t\t\t\t\t<\/figure>\n\t\t\t\t\t<\/div>\n\t\t\t\t<\/div>\n\t\t\t\t<\/div>\n\t\t\t\t\t\t<\/div>\n\t\t\t\t\t<\/div>\n\t\t<\/div>\n\t\t\t\t<div class=\"elementor-column elementor-col-50 elementor-top-column elementor-element elementor-element-8bc5a2e\" data-id=\"8bc5a2e\" data-element_type=\"column\">\n\t\t\t<div class=\"elementor-column-wrap elementor-element-populated\">\n\t\t\t\t\t\t\t<div class=\"elementor-widget-wrap\">\n\t\t\t\t\t\t<div class=\"elementor-element elementor-element-95c082a elementor-widget elementor-widget-image\" data-id=\"95c082a\" data-element_type=\"widget\" data-widget_type=\"image.default\">\n\t\t\t\t<div class=\"elementor-widget-container\">\n\t\t\t\t\t<div class=\"elementor-image\">\n\t\t\t\t\t\t\t<figure class=\"wp-caption\">\n\t\t\t\t\t\t\t\t\t\t<img loading=\"lazy\" decoding=\"async\" width=\"350\" height=\"250\" src=\"https:\/\/s24guvenlik.com\/wp-content\/uploads\/2021\/01\/guvenlik_vip.jpg\" class=\"attachment-full size-full\" alt=\"\" srcset=\"https:\/\/s24guvenlik.com\/wp-content\/uploads\/2021\/01\/guvenlik_vip.jpg 350w, https:\/\/s24guvenlik.com\/wp-content\/uploads\/2021\/01\/guvenlik_vip-300x214.jpg 300w\" sizes=\"(max-width: 350px) 100vw, 350px\" \/>\t\t\t\t\t\t\t\t\t\t\t<figcaption class=\"widget-image-caption wp-caption-text\"><\/figcaption>\n\t\t\t\t\t\t\t\t\t\t<\/figure>\n\t\t\t\t\t<\/div>\n\t\t\t\t<\/div>\n\t\t\t\t<\/div>\n\t\t\t\t\t\t<\/div>\n\t\t\t\t\t<\/div>\n\t\t<\/div>\n\t\t\t\t\t\t\t\t<\/div>\n\t\t\t\t\t<\/div>\n\t\t<\/section>\n\t\t\t\t\t\t<\/div>\n\t\t\t\t\t\t<\/div>\n\t\t\t\t\t<\/div>\n\t\t","protected":false},"excerpt":{"rendered":"<p>END\u00dcSTR\u0130, SANAY\u0130 TES\u0130SLER\u0130, OF\u0130S B\u0130NALARI ve \u0130\u015eLETMELER\u0130N G\u00dcVENL\u0130\u011e\u0130 \u00a0S24 G\u00fcvenlik olarak biz, end\u00fcstri, sanayi tesisleri, ofis binalar\u0131 ve i\u015fletmelerin talepleri do\u011frultusunda \u00e7al\u0131\u015fmalar\u0131n\u0131 sa\u011flayarak, i\u00e7eriden ve d\u0131\u015far\u0131dan gelebilecek tehditlere kar\u015f\u0131 tedbirler al\u0131p uygulamaktay\u0131z. Kamu kurum ve kurulu\u015flar\u0131n\u0131n, bir \u00e7ok i\u015fletme ve fabrikalar\u0131n g\u00fcvenli\u011fini 7 g\u00fcn 24 saat sa\u011flamaktay\u0131z. Giri\u015f \u00e7\u0131k\u0131\u015flar, \u00e7al\u0131\u015fan personelin kontrol\u00fc, \u00e7evre g\u00fcvenli\u011fi, yang\u0131nda [&hellip;]<\/p>\n","protected":false},"author":1,"featured_media":0,"parent":0,"menu_order":0,"comment_status":"closed","ping_status":"closed","template":"","meta":{"footnotes":""},"_links":{"self":[{"href":"https:\/\/s24guvenlik.com\/index.php?rest_route=\/wp\/v2\/pages\/44"}],"collection":[{"href":"https:\/\/s24guvenlik.com\/index.php?rest_route=\/wp\/v2\/pages"}],"about":[{"href":"https:\/\/s24guvenlik.com\/index.php?rest_route=\/wp\/v2\/types\/page"}],"author":[{"embeddable":true,"href":"https:\/\/s24guvenlik.com\/index.php?rest_route=\/wp\/v2\/users\/1"}],"replies":[{"embeddable":true,"href":"https:\/\/s24guvenlik.com\/index.php?rest_route=%2Fwp%2Fv2%2Fcomments&post=44"}],"version-history":[{"count":13,"href":"https:\/\/s24guvenlik.com\/index.php?rest_route=\/wp\/v2\/pages\/44\/revisions"}],"predecessor-version":[{"id":193,"href":"https:\/\/s24guvenlik.com\/index.php?rest_route=\/wp\/v2\/pages\/44\/revisions\/193"}],"wp:attachment":[{"href":"https:\/\/s24guvenlik.com\/index.php?rest_route=%2Fwp%2Fv2%2Fmedia&parent=44"}],"curies":[{"name":"wp","href":"https:\/\/api.w.org\/{rel}","templated":true}]}}